 16 = 2*g, 5*g + 2*k = 3*k + j. Suppose 4*q = 16, -3*v + 3*q + 7663 = g*v. Is v prime?
False
Is 10 + 1330/(-130) + 9656916/39 a composite number?
False
Suppose 0 = 11*n - 7*n - 12. Suppose 4*m + n*k = 1590, 3 = -2*k - 1. Suppose 0 = 4*g + 3*s - 115 - m, -3*g + 5*s = -371. Is g a prime number?
True
Suppose 0 = -4*z - 9 + 1. Is 5225 + 8 + -4 + z a prime number?
True
Suppose 0 = 5*o - 5*z - 66855, 0 = -o + 5*z + 11782 + 1605. Is o a composite number?
False
Suppose 5*j = 15, 5*n + 3*j - 29093 = 34981. Is n composite?
True
Let z(x) = 947*x**2 - 16*x - 1897. Is z(-32) composite?
True
Let j = 46 + -43. Suppose -3*n - 4 = -n, -j*p + 5*n = -23248. Suppose -13*s + p = -8257. Is s composite?
False
Let h = 1704 - -1036. Suppose -h = -14*u + 2566. Is u a prime number?
True
Let p = -404 - -1233. Suppose -11*w = p - 3711. Is w composite?
True
Suppose 299*z = 314*z - 3061425. Is z a composite number?
True
Suppose 19*d - 23*d = -20, 2*v + d - 208489 = 0. Is v composite?
True
Let t(o) = 210*o**2 - 11*o - 15. Let u be 6*(21/(-9) + 3)*-1. Is t(u) a prime number?
True
Suppose -3*v + 6*v = -3, -4*n + 19591 = -3*v. Suppose -5*s + 8908 + n = 0. Is s composite?
True
Is 9934 + 2/(1/(-3)*2) a composite number?
False
Suppose -3*d = -421 - 959. Let p = -727 + d. Let c = p + 386. Is c a composite number?
True
Let x = -93 + 93. Suppose 3*f + 6 = 0, -5*h = -f - x*f - 24837. Is h composite?
False
Let r be 2/(-4)*(-2 - -4564). Let p be (11175/45)/(7/(-42)). Let m = p - r. Is m a composite number?
True
Let g(w) = 64 + 3069*w - 2822*w + 100. Is g(5) a composite number?
False
Let k(j) be the third derivative of j**8/10080 - 23*j**6/720 - 23*j**5/60 - 6*j**2. Let y(v) be the third derivative of k(v). Is y(-15) a composite number?
True
Let r be (-8)/2 + (-5)/(5/(-8)). Suppose r*b - 60 = -2*b. Suppose 0 = -b*q + 6027 + 4283. Is q composite?
False
Suppose 0 = -11*q - 38 + 49. Let r(v) = 188*v**3 - 2*v**2 - 3*v + 4. Is r(q) a prime number?
False
Let i(w) = 946*w**2 - 13*w - 75. Is i(8) a composite number?
True
Let w(n) = 20867*n**2 + 944*n + 1891. Is w(-2) a composite number?
False
Suppose 3*r - 2 = 25. Let n(c) = -6*c**3 + 14*c**2 - 18*c + 31. Let v(g) = 5*g**3 - 13*g**2 + 16*g - 30. Let u(o) = 4*n(o) + 5*v(o). Is u(r) a composite number?
True
Suppose -4*g + 2*z = 72602, -4*g - 13*z = -11*z + 72582. Let b = 26229 + g. Is b composite?
False
Let j(y) = 1560*y**2 - 233*y + 2086. Is j(9) a composite number?
False
Let c be 1 + 15664/(-4)*2. Let n = c - -11130. Is n a composite number?
False
Let o(n) = -215*n - 109. Let u(b) = -214*b - 105. Let l(s) = -4*o(s) + 3*u(s). Is l(18) prime?
False
Let y = -1001 + 1003. Suppose 0 = y*i - 2*n - 7316, -5*i - 8*n + 18297 = -6*n. Is i a composite number?
False
Suppose -20*m - 24*m = -308. Suppose m*n = -17*n + 49752. Is n composite?
True
Let s(o) be the second derivative of 54*o**4 - o**3/6 + o. Let j = 4921 - 4922. Is s(j) prime?
False
Suppose -18 = -9*t + 36. Is ((-1791945)/(-30))/(9/t) a prime number?
True
Let x(i) = i**3 + 3*i**2 - 8*i + 12. Let m be x(-5). Suppose 3*g = a - 97, 2*g - 15 = m*a - 197. Is a + 0/1 + 1 prime?
True
Let a = 82491 + 154546. Is a prime?
False
Let u(k) be the second derivative of 9*k**3/2 + 17*k**2/2 - 32*k. Let s(l) = 16*l - 2. Let t be s(1). Is u(t) a prime number?
False
Suppose 4*z + 35*x - 38*x = 3173, -4*z + 3183 = -x. Is z prime?
True
Let f(j) be the second derivative of j**3/6 + j**2 + 13*j. Let v be f(-6). Is ((-3056)/v)/((-4)/(-2)) a prime number?
False
Let o = -26 + 37. Suppose 11374 + 6457 = o*m. Is m a prime number?
True
Let r(h) = -3*h**2 + 9*h - 6. Let l be r(2). Let n(a) = -20*a + 3793. Is n(l) prime?
True
Let z = 37 - 34. Suppose -z*g - 50 = 34. Is 21/g + (-1 - 10902/(-8)) a prime number?
True
Let c(q) = q**3 + 13*q**2 + 2*q + 28. Let m be 7/((-14)/22) - 2. Let u be c(m). Let a(n) = 471*n + 25. Is a(u) prime?
True
Suppose -2*k = 1 - 3. Let h = -7 + k. Is (-1253)/1*6/h a prime number?
False
Suppose 8*t = 5*t. Suppose -7*x + 2*l = -9*x + 5716, t = -4*x + 2*l + 11426. Is x composite?
False
Let t(f) = 8*f**2 + 4*f - 18. Let r be t(-6). Let p = 1108 - r. Suppose -y + p = 321. Is y a composite number?
False
Suppose 14612 = -5*a - 253. Is 2 + (-1 - (1 - a/(-3))) a composite number?
False
Suppose -2*q - 2*q = 4*p - 10396, 0 = -5*p - 3*q + 12987. Let b = p - -4782. Is b a composite number?
True
Suppose -5*r - 3*h + h + 176 = 0, -2*r + 3*h = -78. Suppose -4*g + 151 = m, -2*g = -g + 5*m - 52. Suppose -g*l = -r*l - 299. Is l a prime number?
False
Let a(f) = 25*f + 17. Let k(m) = 13*m + 9. Let n(r) = -3*a(r) + 5*k(r). Let u be n(-1). Suppose 2118 = -u*t + 10*t. Is t composite?
False
Suppose 363*r - 452688 = 347*r. Suppose 5*h - 4*i = 98649, -r - 11177 = -2*h - i. Is h a composite number?
True
Let v = 648623 + -84402. Is v a composite number?
True
Suppose 0 = f + f - 24. Is (1 - -3844) + f/(9/3) a composite number?
True
Let s(w) = 8*w**2 - 27*w + 120. Let u be s(7). Let h = -30 + u. Is h a prime number?
True
Let g(d) = 273*d**2 + 177*d - 3821. Is g(30) prime?
False
Let x(s) = 12*s + 565. Is x(27) prime?
False
Let f(b) = -112*b**3 + 13*b**2 + 21*b + 61. Let n be f(-10). Suppose 15*c - n = -44406. Is c a prime number?
True
Suppose -s - 377 = -3*q, -q + 367 = 2*q + 4*s. Let n be (q + -3)/(2/79). Suppose 217 = 4*d - n. Is d a composite number?
False
Suppose 2*x - 690 = 4*s, -x + 3*s + 339 = 4*s. Let g = x + -82. Is g composite?
True
Let t be (35844/1276)/((-1)/(-11)). Let h(j) = 8*j**2 + 4*j - 2. Let s be h(5). Let n = t - s. Is n a prime number?
False
Let w(m) = -280*m + 619. Is w(-39) a composite number?
True
Let h = -11 - -47. Let u = h - 31. Is (242 - 3)*u + -4 composite?
True
Suppose -2*l + 2*u - 2 = 4*u, -5*l - u = 17. Let w(b) = 1551*b**2 - 31*b - 105. Is w(l) prime?
False
Suppose -50*r + 238175 + 1905675 = 0. Is r a composite number?
True
Let c(m) = 109*m**2 - m - 19. Suppose 97 = -5*v + 122. Is c(v) composite?
True
Let v be 1*(0 + -3 + 583). Suppose -4*o - v = -2*g, 7*g - 1408 = 2*g - 4*o. Is (0 + -4 + 23/4)*g a prime number?
False
Let l(n) = 24*n + 50. Let b be l(-2). Suppose 8*p - s + 16474 = 13*p, 0 = -b*p - 3*s + 6587. Is p prime?
False
Let k = 4146 - -60713. Is k a composite number?
True
Suppose -13*v = 9*v + 72*v - 7661846. Is v a prime number?
True
Let r = -3260 + 7277. Suppose -3*x + r = -684. Is x a prime number?
True
Let i = 771520 + -462099. Is i a prime number?
False
Let i(r) = -r**3 - 21*r**2 + 33*r - 19. Let m be 1/(-3 - (-8)/3) + 3. Suppose -p + 15 = -g - 5, p + 4 = m. Is i(g) a prime number?
False
Suppose 303*d + 2686025 = 328*d. Is d a prime number?
True
Suppose 0 = -626*h + 407*h + 38040738. Is h a prime number?
False
Let m(l) = l**2 + 6*l - 22. Let h be m(3). Suppose -h*j = -5*k - 39040, -26*j = -30*j + 2*k + 31230. Is j a composite number?
True
Let v(p) = p**3 + 9*p**2 - 8*p - 69. Let f be v(-9). Suppose 0 = -5*u + 2*u - 3*b + 25623, f*b + 12 = 0. Is u a prime number?
False
Suppose -9245 - 7904 = -11*h. Is h*2*(0 + (-5)/(-10)) prime?
True
Suppose -6*z + 62 = -8*z. Let j = z - -30. Let x(k) = 33*k**2 + k - 1. Is x(j) a composite number?
False
Let b(v) = v**3 - 4*v**2 + 6*v + 2. Let r be b(5). Suppose c + 5*w = r, 3*c - 215 = -0*c - 4*w. Suppose m - c = -0*m. Is m a composite number?
True
Let u(l) = 157*l**2 - 16*l - 25. Let r be u(16). Suppose -r - 11216 = -29*a. Is a a prime number?
False
Suppose -5*a = -25, 15*x + 2*a - 78645 = 10*x. Is x a composite number?
False
Let t be (-9)/2*(-384)/(-72). Let m be 80 + 2/(3/t*-4). Suppose -1091 = -5*n + m. Is n a composite number?
True
Let q = -397200 - -666881. Is q composite?
True
Let v(j) be the third derivative of -11*j**6/15 - j**5/15 - j**4/4 - j**3/6 - 11*j**2 + j. Is v(-3) prime?
True
Let u(q) = 367*q + 13. Let c be u(4). Is ((-9)/(-6))/(-1 + c/1478) prime?
True
Let t be 19 - 4 - (0 - -1). Let m = t - 7. Suppose m*j - 8*j + 119 = 0. Is j a composite number?
True
Suppose 695 + 17 = 5*p + 4*a, 0 = 3*p - a - 417. Let f be (-35)/p + (-1 - (-199)/(-4)). Let g = f - -72. Is g a prime number?
False
Let b be 2/(((-18)/(-8))/9). Suppose 2*u + b = -4*t, -6*u = 5*t - 2*u + 4. Is 1/(-1) - t - -64 a prime number?
True
Let m(x) be the first derivative of 5*x**4/4 - 2*x**3/3 - x**2/2 - 14. Let z be m(-1). Is 3*z/(-54)*3*379 composite?
False
Suppose 4*a + 5*m 